 and 81.
27
Calculate the highest common divisor of 2574 and 792.
198
What is the greatest common factor of 110 and 99?
11
What is the greatest common factor of 10 and 6855?
5
What is the greatest common divisor of 50 and 2125?
25
Calculate the greatest common divisor of 629 and 37.
37
Calculate the greatest common factor of 9 and 393.
3
Calculate the highest common factor of 153 and 9.
9
What is the greatest common factor of 16 and 152?
8
What is the greatest common divisor of 13 and 221?
13
Calculate the highest common divisor of 264 and 72.
24
Calculate the greatest common factor of 1575 and 495.
45
Calculate the greatest common factor of 80 and 280.
40
What is the greatest common factor of 84 and 3318?
42
Calculate the greatest common divisor of 30 and 480.
30
Calculate the highest common factor of 207 and 27.
9
Calculate the highest common factor of 172 and 5504.
172
Calculate the highest common factor of 8 and 261.
1
What is the greatest common factor of 361 and 133?
19
Calculate the greatest common divisor of 360 and 216.
72
Calculate the highest common divisor of 970 and 20.
10
What is the highest common factor of 178 and 267?
89
Calculate the highest common factor of 160 and 128.
32
Calculate the greatest common factor of 560 and 315.
35
What is the highest common divisor of 99 and 45?
9
What is the highest common factor of 5428 and 177?
59
What is the greatest common factor of 143 and 611?
13
Calculate the greatest common factor of 210 and 480.
30
Calculate the greatest common divisor of 12 and 4596.
12
What is the greatest common divisor of 80 and 155?
5
Calculate the greatest common divisor of 2061 and 9.
9
Calculate the greatest common factor of 680 and 8.
8
What is the greatest common factor of 18 and 1158?
6
What is the highest common factor of 88 and 2156?
44
What is the greatest common factor of 20094 and 204?
102
What is the highest common divisor of 18 and 192?
6
Calculate the greatest common divisor of 144 and 468.
36
Calculate the highest common divisor of 112 and 2443.
7
What is the highest common divisor of 3115 and 140?
35
Calculate the greatest common divisor of 40 and 1810.
10
Calculate the greatest common factor of 11 and 1331.
11
Calculate the greatest common factor of 64 and 672.
32
Calculate the greatest common factor of 54 and 729.
27
What is the greatest common factor of 43 and 989?
43
Calculate the highest common factor of 48 and 368.
16
What is the greatest common factor of 65824 and 352?
352
Calculate the highest common divisor of 365 and 10.
5
Calculate the greatest common factor of 5148 and 108.
36
What is the highest common divisor of 1464 and 549?
183
What is the greatest common factor of 11843 and 13?
13
Calculate the highest common factor of 9888 and 96.
96
Calculate the greatest common factor of 324 and 1863.
81
What is the greatest common factor of 1406 and 74?
74
What is the highest common divisor of 32 and 592?
16
What is the greatest common divisor of 14 and 756?
14
Calculate the greatest common divisor of 1758 and 12599.
293
Calculate the greatest common factor of 376 and 1786.
94
Calculate the greatest common factor of 14 and 71498.
14
What is the greatest common factor of 111 and 6?
3
What is the greatest common divisor of 45 and 8595?
45
Calculate the greatest common factor of 48 and 592.
16
What is the highest common divisor of 1457 and 279?
31
Calculate the greatest common divisor of 84 and 210.
42
Calculate the highest common divisor of 1544 and 8.
8
Calculate the highest common factor of 60 and 930.
30
Calculate the greatest common factor of 645 and 20.
5
Calculate the greatest common factor of 34 and 2.
2
What is the highest common factor of 418 and 682?
22
Calculate the highest common divisor of 805 and 7360.
115
Calculate the highest common divisor of 2772 and 66.
66
Calculate the greatest common divisor of 123 and 23821.
41
Calculate the highest common divisor of 1744 and 16.
16
Calculate the greatest common factor of 361 and 1615.
19
Calculate the highest common divisor of 49 and 441.
49
What is the highest common factor of 50352 and 48?
48
What is the greatest common factor of 960 and 15?
15
Calculate the highest common divisor of 75 and 30.
15
Calculate the highest common factor of 12 and 90.
6
What is the highest common divisor of 13 and 1339?
13
Calculate the greatest common divisor of 192 and 6.
6
What is the greatest common factor of 355 and 5?
5
What is the highest common divisor of 1818 and 108?
18
Calculate the greatest common factor of 24 and 16.
8
What is the greatest common factor of 430 and 10?
10
What is the greatest common divisor of 1824 and 57?
57
Calculate the greatest common divisor of 2948 and 4.
4
What is the greatest common divisor of 385 and 14?
7
Calculate the greatest common factor of 168 and 1988.
28
What is the highest common divisor of 79 and 3397?
79
Calculate the greatest common divisor of 78 and 26.
26
Calculate the highest common divisor of 910 and 1560.
130
What is the greatest common divisor of 65 and 45?
5
Calculate the greatest common factor of 214 and 963.
107
Calculate the greatest common factor of 611 and 52.
13
What is the highest common divisor of 20 and 4430?
10
Calculate the greatest common factor of 591 and 3.
3
What is the greatest common factor of 6 and 39768?
6
Calculate the greatest common divisor of 4 and 108.
4
What is the highest common divisor of 2041 and 1099?
157
What is the highest common factor of 1536 and 3?
3
What is the highest common factor of 140 and 20?
20
What is the highest common divisor of 165 and 6?
3
What is the greatest common divisor of 620 and 8?
4
What is the highest common factor of 44 and 484?
44
What is the greatest common divisor of 36 and 996?
12
Calculate the highest common divisor of 2 and 7.
1
What is the highest common divisor of 5248 and 80?
16
Calculate the highest common factor of 106 and 4717.
53
Calculate the highest common divisor of 70 and 854.
14
What is the greatest common divisor of 96 and 7264?
32
What is the greatest common factor of 70 and 182?
14
Calculate the greatest common factor of 252 and 711.
9
Calculate the highest common factor of 32 and 6368.
32
Calculate the greatest common divisor of 129 and 16.
1
Calculate the greatest common factor of 184 and 16.
8
Calculate the highest common factor of 126 and 2034.
18
What is the greatest common factor of 272 and 102?
34
Calculate the highest common factor of 10648 and 11.
11
Calculate the highest common divisor of 2772 and 12.
12
Calculate the greatest common divisor of 238 and 170.
34
Calculate the greatest common divisor of 10 and 34.
2
Calculate the greatest common divisor of 2944 and 92.
92
What is the greatest common divisor of 684 and 304?
76
What is the highest common divisor of 95 and 133?
19
Calculate the greatest common factor of 112 and 14.
14
Calculate the greatest common factor of 265 and 10.
5
Calculate the greatest common divisor of 714 and 1479.
51
Calculate the highest common factor of 363 and 3.
3
What is the highest common divisor of 328 and 224?
8
What is the highest common factor of 1960 and 50?
10
Calculate the highest common divisor of 468 and 1612.
52
What is the highest common divisor of 253 and 99?
11
What is the highest common divisor of 43594 and 142?
142
Calculate the greatest common factor of 4 and 356.
4
What is the greatest common divisor of 3869 and 159?
53
Calculate the greatest common factor of 968 and 8.
8
What is the greatest common factor of 380 and 42940?
380
What is the highest common divisor of 2 and 256?
2
What is the highest common factor of 11359 and 37?
37
What is the greatest common factor of 935 and 11?
11
Calculate the greatest common factor of 1248 and 480.
96
Calculate the greatest common divisor of 30 and 150.
30
Calculate the highest common divisor of 5180 and 1120.
140
Calculate the highest common factor of 803 and 11.
11
Calculate the greatest common factor of 48 and 54.
6
Calculate the highest common factor of 5 and 20.
5
What is the greatest common factor of 4 and 420?
4
Calculate the highest common divisor of 12 and 3156.
12
What is the highest common divisor of 1539 and 27?
27
What is the highest common factor of 456 and 57?
57
Calculate the highest common factor of 559 and 86.
43
